late t(7).
-2
Let x(j) = j**2 - 16*j + 20. Let y be x(15). Suppose -y*m - 2*m - 287 = 0. Let r = m + 45. Let q(u) = u**2 - 4*u + 1. Give q(r).
1
Let t(v) = -942*v**3 + 8*v**2 - 8*v + 0 + 1 + 3 + 470*v**3 + 471*v**3. Let q(w) = -w. Let g be q(-7). Calculate t(g).
-3
Let o = -25 + 32. Suppose -36 = -o*n + 10*n. Let h = n - -17. Let v(x) = x**3 - 6*x**2 + 3*x + 6. What is v(h)?
-4
Suppose -o = -3*i + o + 1, 9 = -5*i - 2*o. Let x = 81 + -56. Let a(z) = -1 + 26*z + x*z - 96*z + 25*z. Give a(i).
19
Let m be (-28)/4*(0 - (4 - (3 + 0))). Let h(y) = -y**3 + 8*y**2 - 6*y - 7. What is h(m)?
0
Suppose 3*g + 21 = -l, g + 15 = 7. Let u(h) = 6*h**2 - 20*h - 6. Let d(c) = 2*c**2 - 7*c - 2. Let z(o) = -11*d(o) + 4*u(o). Calculate z(l).
7
Let u(c) = -4 + 5 + 2 + 15*c + c**2. Let w be u(-15). Suppose 0 = -3*l + 2*j + w, -3*l + 2*j = 6*j - 21. Let a(v) = v**3 - v**2 - 3*v + 2. Give a(l).
11
Suppose 12*v - 7*v - 2*n + 16 = 0, -3*v + 4*n - 32 = 0. Let i(f) = 3 + 8*f + 2 - 10*f - 7. Give i(v).
-2
Suppose -25 = 4*u - g, -u - 11*g = -9*g - 5. Let n(r) = -2*r - 2*r + 2*r + 3*r + 3. Give n(u).
-2
Let x(y) be the third derivative of 0 + 1/15*y**5 + 33*y**2 + 0*y + 1/24*y**4 + 0*y**3. Let m(o) = -o**2 - 3*o - 1. Let q be m(-3). Give x(q).
3
Let i(y) = 32*y. Let k(n) = -n**2 - 9*n + 323. Let v be k(14). What is i(v)?
32
Let u(i) = i**2 + 13*i - 95. Let j be ((-42522)/2984)/((-3)/(-4)). Calculate u(j).
19
Let m(z) = 55 - 21 - 2*z - 6*z + 3 - 14 + z**2. What is m(7)?
16
Let k = -12768 - -12766. Let a(s) = 27*s - 10. What is a(k)?
-64
Let p = -95 + 171. Suppose -p = 17*c + 2*c. Let q(o) = -o**2 - 2*o + 1. Give q(c).
-7
Let g(a) = a - 15. Let d be g(12). Let o(q) = 2*q**2 + q**2 - 2 - 10*q - 4*q**2 + 0*q**2 + 8*q. Determine o(d).
-5
Let f = -22238 - -22246. Let x(u) = -u**3 + 8*u**2 - 3*u + 31. Determine x(f).
7
Suppose 6*m - 6 = 3*m. Let k(f) = 435*f - 436*f + 4*f**2 - f**m. Suppose 3*s = -5*i + 28, -2*s + 22 = -0*s + 4*i. Give k(s).
2
Let s(c) = -c - 12. Let x = -131 - -466. Let t = 325 - x. What is s(t)?
-2
Let f = -484 + 480. Let j(x) = x**3 + 5*x**2 + 12*x + 26. Calculate j(f).
-6
Let s be (56/(-36))/((-98)/441). Let w(d) = 9*d + 13. What is w(s)?
76
Let d = -16 + 18. Suppose b - 4*j - j = 6, -d*b - 2 = 4*j. Let a(u) be the first derivative of -3*u**4 + u**3/3 - 7. Determine a(b).
-11
Let f(w) = -35*w - 10. Suppose 2*t - 10*r + 27 = -13*r, 2*r = 2*t - 8. Calculate f(t).
95
Let f(t) = 48*t - 280. Let i(j) = 9*j - 56. Let p(z) = -2*f(z) + 11*i(z). Calculate p(20).
4
Suppose 306*f = 293*f + 26. Let n(p) be the third derivative of 0 + 0*p**3 - 19*p**f + 1/24*p**4 + 0*p. What is n(-2)?
-2
Let n(s) = -8*s - 7. Let j(z) = -7*z - 6. Let v(a) = 7*j(a) - 6*n(a). Let b(o) = -2*o**3 + 236*o**2 - 240*o + 691. Let p be b(117). What is v(p)?
11
Let d(n) = -25*n**2 - 2*n - 1. Let z(k) be the first derivative of 25 - 9*k - 1/3*k**3 - 9/2*k**2. Let p be z(-8). What is d(p)?
-24
Let l(w) = -w**3 - w**2 - w - 5. Let o(h) = 2*h - 16. Let k be o(10). Let u(m) = -m**3 - 12*m**2 - 2*m - 20. Let g be u(-12). Let d = g - k. Calculate l(d).
-5
Let s(f) = 32*f**3 - 109*f**2 + 25*f + 25. Let n(p) = -5*p**3 + 18*p**2 - 4*p - 4. Let t(i) = 13*n(i) + 2*s(i). Give t(16).
-34
Suppose 3*y - 12 = y, -3*y + 113 = -5*w. Let j(v) = v**3 + 18*v**2 - 21*v - 45. Give j(w).
-7
Let q = -432 - -246. Let w = -181 - q. Let d(n) = 4*n + 2. Give d(w).
22
Let l(x) = x**2 + 4*x - 61. Suppose -40 + 142 = 17*z. Let i be l(z). Let q(f) = 20*f**3 + f. Give q(i).
-21
Suppose -74 = -48*f + 886. Let r(z) = -z**3 + 20*z**2 + z - 24. Calculate r(f).
-4
Let d = 378 - 378. Suppose n - 13*n = d. Let p(h) = -h**2 - 12. What is p(n)?
-12
Let f(i) = -16*i - 14. Let z(s) = -16*s - 18. Let v(n) = -6*f(n) + 5*z(n). What is v(1)?
10
Suppose -68*g + 81 = -41*g. Let z(t) = 5 + 7*t**3 - 8*t + 9*t**3 + 16*t**3 - 41*t**3 + 10*t**g + 8*t**2. What is z(-9)?
-4
Let y be 34/(((-4)/174)/(4/(-12))). Let m = 495 - y. Let h(s) = s - 5. What is h(m)?
-3
Let f = -47 + 67. Suppose f = -6*r + 44. Let d(p) = p + 4 - 4 + 4 + r. Calculate d(-9).
-1
Let d(r) be the third derivative of -r**4 - 109*r**3/6 - 5225*r**2. Determine d(-5).
11
Let i = 2 + 0. Let u(f) = 2 - 1 + 14*f**i + 0. Suppose 10 = -86*p + 96. Give u(p).
15
Let s(t) be the first derivative of -9*t + 31 + 7/2*t**2 + 1/3*t**3. Calculate s(-7).
-9
Suppose -5*j + 362 = 2247. Let x = -365 - j. Let b(y) = y**2 - 11*y - 12. Determine b(x).
0
Suppose -j + 4*j + 12 = 0. Let k(v) = -v**3 - 5*v**2 - 6*v - 2. Let f be k(j). Let z(m) be the third derivative of -m**4/12 + 5*m**3/6 - 2*m**2. Give z(f).
-7
Let z = 21 + 31. Let a = 55 - z. Let o be 5 - 14/3 - (-5)/a. Let m(q) = -q**3 - q**2 + q - 1. Calculate m(o).
-11
Let a(p) be the second derivative of -1/6*p**3 + 0*p**2 + 17 - 5*p. Give a(1).
-1
Let z(t) = -21*t**2 - 1084*t + 409. Let x be z(-52). Let h(b) = b**2 + 8*b - 2. Let j(n) = -2*n**2 - 15*n + 4. Let l(i) = -5*h(i) - 3*j(i). What is l(x)?
12
Suppose -4*k + 2 = 6. Let l be ((-8)/(-18))/(2/9). Let v(g) = -g + l*g + 8 - 5*g - 2 - 5. What is v(k)?
5
Let k(d) = -d**3 - 10*d**2 + 6*d + 62. Let v be k(-10). Let n(g) = 2*g**2 - 4*g + g**v - 4 - 84*g**3 + 85*g**3. Calculate n(-3).
8
Suppose -5*j = 25 + 25. Let b be (-6)/j + 5 + 23/(-5). Let o(i) = 5*i**2 - 2*i + 1. Give o(b).
4
Let n(o) = -o**3 + 5*o**2 + 8*o - 1. Suppose -15 = -78*q + 75*q. Suppose -q*r + 20 = -2*w, -5*r + 8*r = w + 13. Give n(r).
11
Let s(o) be the first derivative of -o**4/4 - 8*o**3/3 - 5*o**2/2 + 16*o + 1. Let v be ((-4760)/(-2040))/((-2)/6). Calculate s(v).
2
Let r(s) = -6*s - 3 - 2*s + 12*s + 10*s. Let q be r(2). Let a = q - 25. Let n(l) = -l - 5. Calculate n(a).
-5
Let q = 2944 + -2935. Let m(t) = t**3 - 9*t**2 - 4*t + 14. Give m(q).
-22
Let n(l) = -l**2 + 3*l - 1. Let u(q) = 5*q**2 - 32*q + 14. Let f = 87 - 81. Let g be u(f). What is n(g)?
1
Let h(k) = -2*k**2 + 6*k - 5. Let j = -448 - -462. Suppose -2*a + j = 2*i, 18*i - 22*i = -3*a. Calculate h(i).
-5
Let t(k) be the third derivative of -k**6/120 + k**5/20 + k**4/6 - k**3/6 + 247*k**2 - k. Suppose 0 = 2*l - 4. Let a = l + 2. Give t(a).
-1
Let o(c) = -3*c**2 - 50*c + 61. Suppose 2*w + 41*w + 501 = -273. What is o(w)?
-11
Let l(c) = -2*c + 412*c**2 - 4 - 410*c**2 - 9 - 12*c. Determine l(7).
-13
Suppose 5*s + 5 = 160. Suppose -s*c = -32*c + 5. Let b be 2/8 - (325/20)/c. Let n(p) = p - 2. What is n(b)?
-5
Let i(q) be the third derivative of 0*q + 0*q**4 + 0 + 1/60*q**5 + 8*q**2 + 1/120*q**6 + 1/3*q**3. Let h = 399 + -401. What is i(h)?
-2
Let l = -3149 + 4501. Let f = -961 + l. Let v(y) = 3*y**2 + f*y - 787*y + 4 + 398*y + y**3. Give v(-3).
-2
Let j(k) = k**2 - 7*k. Let r = 208 - 149. Suppose 0 = 3*q - 101*q + 4998. Let y = r - q. Calculate j(y).
8
Let h(d) = -3*d**2 - 158*d - 501. Let s(x) = -2*x**2 - 95*x - 334. Let c(f) = 5*h(f) - 8*s(f). Calculate c(7).
6
Let t(u) = -7*u - 8 - 8*u + 0 + 29*u - 13*u. What is t(7)?
-1
Suppose -4*n + 3 = 3*z, 0*n - n - 2*z = 3. Let b(q) = 0*q + 14*q - 52*q + 23*q - 2 + 7*q + 9*q. Give b(n).
1
Let m(y) = y**3 - 5*y**2 - 1. Let u(b) = b**2. Suppose -12*c + 13*c - 4 = 0. Suppose 0 = 49*n - 53*n - c. Let g(h) = n*m(h) - 3*u(h). Determine g(2).
1
Let z(s) = -4*s - 7. Suppose -5*f + 5 = -2*x + 239, 5*f - 20 = 0. Suppose -111*y + 96 = -x*y. Calculate z(y).
17
Let r(p) = -p. Let s(a) = -19*a**3 - 2*a + 5*a**3 - 4 - a**2 + 13*a**3. Let f be s(-2). Suppose 0 = f*v - 4*o + 32, 0 = -v + 2*o - 5*o. Give r(v).
6
Let v(x) = 2*x**2 + 10*x + 3. Let w be v(-5). Suppose -11 + 6 = -5*t - y, t + y + w = 0. Let r(i) = i**3 - 2*i**2 + i. Give r(t).
2
Let g = -165 - -178. Suppose 0 = -3*t - 2*c + 71, -3*t + 0*c + 67 = c. Let r = g - t. Let z(v) = v - 3. Determine z(r).
-11
Let p(z) = 10. Let c(y) = -y + 8. Let n(k) = -3*c(k) + 4*p(k). Let v be n(-3). Let f(a) = 4*a - 2*a - v*a. Give f(3).
-15
Let l(q) = -1 + 7*q**2 + 0 - 8. Let t(m) = -80*m + 80*m - 9*m**2 + 10*m**2 - 6 + 5. Let b(k) = -l(k) + 6*t(k). What is b(3)?
-6
Let w be ((-8284)/(-266))/((-2)/14). Let v = -224 - w. Let b(u) = 4*u + 22. What is b(v)?
-2
Let p be (15/(-6) - 51/(-18))*(2 - -1). Let a(j) = 14*j - 10. Calculate a(p).
4
Let s(a) = 3*a**3 - 9*a**2 + a + 5. Let k be s(3). Let n(i) = -7*i + 53. Give n(k).
-3
Let v(p) = 6*p**2 - p**3 - 2*p**2 - p**2 - 6*p + 3*p + 6. Suppose 5*t + 11*q - 12*q - 14 = 0, 0 = 5*t